is y(1)?
7
Let a(o) = -o - 1. Suppose 3 = 4*b - 1. Determine a(b).
-2
Suppose 0 = -3*m - 2*m - 5*p - 10, 0 = -3*p - 15. Let u(t) = 3*t + 7 + 0*t - 7*t. Let q(w) = 9*w - 13. Let c(g) = m*q(g) + 7*u(g). Calculate c(0).
10
Let r(k) be the second derivative of k**5/10 - k**4/12 - k**3/6 - 5*k. Calculate r(-1).
-2
Let t(s) = 1. Let g(f) = -f**3 - 4*f**2 + f. Let v(h) = g(h) + 3*t(h). Suppose -3*i - i + 64 = 0. Suppose 2*d + i = -2*d. What is v(d)?
-1
Let d(z) = z**3 - 3*z + 1. Let u be d(2). Suppose 2*r = -r - u. Let o(q) = -8*q**2 + q. Calculate o(r).
-9
Let j(k) = 1 - 6*k + k**2 - 2*k**2 + 4 + 3*k. Suppose 7*i = 3*i - 20. Determine j(i).
-5
Let f(b) be the first derivative of b**3/3 + 3*b**2/2 - 2*b - 8. Let a be 58/(-8) - 1/(-4). Let m be (-2)/7 + 33/a. Determine f(m).
8
Let t be -1 + (-2)/(-4)*6. Let f(b) = 7 + t*b + 4 - 12. Suppose -5*w - 9 - 1 = 0. What is f(w)?
-5
Let r(m) = m**3 + 9*m**2 + 8*m - 5. Suppose 4*w + 19 + 13 = 0. Determine r(w).
-5
Let s(n) = n - 2. Suppose -32*k + 15 = -29*k. Calculate s(k).
3
Let s(k) = 4*k - 8*k**3 + 4 - k**2 - 1 - 2 - 3*k. Let h be 52/20 + (-2)/(-5). Suppose f - j + 1 = 0, 3*f - f = h*j - 2. Calculate s(f).
7
Let p(t) be the first derivative of -t**3/3 + 5*t**2/2 + 4*t + 9. Give p(6).
-2
Let b(w) = w**3 - 5*w**2 - 15*w + 8. Let y(r) = 3*r**3 - 15*r**2 - 44*r + 24. Let k(p) = -17*b(p) + 6*y(p). What is k(6)?
-10
Let l(d) = d + 8. Let r be l(-7). Suppose 17 + r = 2*k. Let o(a) = 1 - k + 2*a + 2. Calculate o(5).
4
Let h be 2 - 1*-4*1. Suppose 3*i - i = h. Let j(q) = -2*q**2 + 8*q + 1. Let t(o) = o**2 - 4*o - 1. Let a(d) = 3*j(d) + 5*t(d). What is a(i)?
1
Let w be 69/(-9) - ((-8)/(-6))/4. Let o(a) = a - 3. What is o(w)?
-11
Let d = 15 - 21. Let z(q) = q**2 + 6*q + 5. Calculate z(d).
5
Let y(b) = 59 - 109 - b + 55. Suppose 5 = -2*n - 5*m, 2*m = 3*n - 27 + 6. Suppose -q = -n*q. Determine y(q).
5
Let s(g) be the third derivative of -g**4/12 - g**3 + 17*g**2. Calculate s(7).
-20
Let n(m) be the third derivative of m**6/120 + m**5/60 - m**4/8 + m**3/3 - 6*m**2. Determine n(2).
8
Suppose -4*g = -13*j + 10*j - 5, 4*g = -j + 9. Let u(z) be the second derivative of 0 - 1/2*z**2 + g*z - 1/2*z**3. Determine u(-1).
2
Let q(h) = 9*h - 7. Let s(a) = -6*a + 4. Let o(d) = 5*q(d) + 7*s(d). Determine o(6).
11
Let t be -5 + 7 - (0 + 1). Let j(m) = m**2 - t + 0 + 2 - m**3. Let z = 1 + -1. Calculate j(z).
1
Let k(s) = -6*s**3 + s**2. Let y be k(1). Let z be (-12 - -1)*6/(-6). Let l(h) = 2*h + h - z - 4*h. Give l(y).
-6
Let c be (-1)/4 - (-81)/36. Let u(t) = -3*t + 3. Determine u(c).
-3
Let d(n) = 10*n**2 - n - 1. Let h be 2*(5/2)/(-5). Determine d(h).
10
Let d(w) = -w**2 - 7*w - 7. Let m be d(-3). Let s(p) = -p**3 + 3*p**2 + 7*p + 2. Calculate s(m).
-13
Let x = 2 + 1. Suppose -g = -x*g + 2. Let w be 4 + (-6 - -3) + g. Let u(a) = a**3 + a - 2. Determine u(w).
8
Let g be 4/(-18) - (-578)/(-153). Let o(q) = -q**3 - 5*q**2 - 6*q - 3. Give o(g).
5
Suppose -5*m - 12 + 22 = 0. Let s(c) = c**3 - c**2 + 2. What is s(m)?
6
Let c(l) = -8*l**3 + l**2 + 2*l + 1. Let z(w) be the second derivative of 0 + 3/2*w**2 + 2*w + 1/6*w**3. Let y be z(-4). Determine c(y).
8
Suppose -3*s = 2*m - 4, -15 = -0*m + 5*m - 5*s. Let v(b) be the third derivative of -1/30*b**5 + 0 + 0*b + 0*b**3 + 2*b**2 + 1/24*b**4. Determine v(m).
-3
Suppose 3*v + 0 = 6. Suppose v*j = -4 - 4. Let x(p) = -4*p. Let c(o) = 3*o. Let s(u) = 6*c(u) + 5*x(u). Give s(j).
8
Let p(g) = 8*g + 18*g + 10*g - 20*g - 3. Determine p(2).
29
Let w(x) = 27*x**3 - 9*x**2 - 5*x + 2. Let i(f) = -14*f**3 + 4*f**2 + 2*f - 1. Let l(j) = 5*i(j) + 2*w(j). Give l(-1).
17
Let y(o) be the second derivative of o**6/720 + 5*o**4/6 + 6*o. Let p(a) be the third derivative of y(a). Determine p(3).
3
Let p(q) = 38*q**2 + 11*q + 20. Let b(y) = 13*y**2 + 4*y + 7. Let n(i) = 17*b(i) - 6*p(i). Give n(1).
-6
Let s(y) = y**3 - 7*y**2 - 8*y + 8. Let o = 105 + -97. What is s(o)?
8
Let u(s) be the first derivative of s**4/4 - 4*s**3/3 + 2*s**2 - 4*s + 1. Suppose -4*b + 17 = 5*y, 3*y - 17 - 1 = -5*b. Calculate u(b).
-1
Let o(c) = -5*c**3 - 2*c**2 + 3*c - 5. Let g(m) = 6*m**3 + m**2 - 2*m + 6. Let h(y) = 4*g(y) + 5*o(y). What is h(-7)?
-1
Let v(g) = g - 8. Let o be (1 - 12/4)/2. Let k(i) = -1. Let x(r) = o*k(r) + v(r). Calculate x(3).
-4
Suppose -5*n - i + 9 = 0, n + 3*n - 24 = -5*i. Let r(q) = q + 1. Let x(y) = -3*y - 2. Let h(g) = 7*r(g) + 4*x(g). What is h(n)?
-6
Suppose 0*h = -h - 4, -4*v + 28 = h. Suppose -7*f + 34 = -v. Let k(y) = 2*y - 8. Determine k(f).
4
Let i(n) = -3*n + 2*n - 4 + 3*n + n. What is i(4)?
8
Let l = -12 + 15. Let t(z) = 2*z. Determine t(l).
6
Let y(o) be the second derivative of -2*o**3/3 - 2*o**2 - 2*o + 2. Determine y(-4).
12
Let b(z) = 5*z - 2. Let n(y) = -9*y + 4. Let o(a) = 5*b(a) + 3*n(a). Calculate o(-5).
12
Suppose -8 = -5*m + 7, -19 = -2*x - 5*m. Suppose 2*r - j + 4 = j, -x*j = -4*r. Let h(l) = 5*l. Let n(i) = -11*i. Let a(o) = -14*h(o) - 6*n(o). Determine a(r).
-8
Let n(j) = -4*j**2 + 9. Let l(c) = -3*c + 0*c**2 + 9 + 3*c - 5*c**2. Let d(q) = 5*l(q) - 6*n(q). Determine d(0).
-9
Let t(k) = -22*k + 132. Let z(n) = -2*n + 12. Let v(g) = -6*t(g) + 68*z(g). Let r(s) = -s + 5. Let j(i) = 14*r(i) - 3*v(i). Let c = -4 + 0. Calculate j(c).
6
Let u(w) = 22 + 21 + 2*w - 46. Calculate u(2).
1
Let o(n) = 11*n - 5. Let x(f) = f**3 + 7*f**2 + f - 6. Let a be x(-7). Let j(q) = -23*q + 11. Let y(p) = a*o(p) - 6*j(p). Let b = 0 - -1. Give y(b).
-6
Let h(p) = -3*p**3 - 15*p**2 - 6*p + 3. Let b(z) = -z**3 - 5*z**2 - 2*z + 1. Let d(q) = 7*b(q) - 2*h(q). Determine d(-4).
-7
Let w(l) = -l**2 + 7*l - 6. Suppose 6*r = 2*z + 2*r, 4*r = -2*z - 16. Let b be (-1 - -2)*(-24)/z. What is w(b)?
0
Let x(u) = -23*u**2 + u - 1. Let s be 15/9 - (-2 + (-24)/(-9)). Calculate x(s).
-23
Let t(n) = -2*n - 4. Let w be t(-6). Suppose -3*s - w = -5*s. Let b(u) = -u**3 + u**2 + u. Let o(q) = -3*q**2 + 4*q - 5. Let j(p) = b(p) - o(p). What is j(s)?
-7
Let i(y) = y**2 + y + 3. Let r = 46 - 46. Let p(z) be the first derivative of z**4/4 - z**3/3 + z**2/2 - 1. Let c be p(r). Give i(c).
3
Let c(h) = -h**2 - h + 2. Let q(i) be the third derivative of i**5/60 + i**4/3 - 2*i**3 + 2*i**2. Let o be q(-9). Give c(o).
-4
Let j(y) = y - 12. Let t be j(16). Let h be 8/2 - (-4)/(-2). Let z(m) = -3*m - 1 + m**h + 1 + 1. What is z(t)?
5
Let j(u) = -u + 6. Let f(y) = y - 7. Let c(q) = 6*f(q) + 7*j(q). What is c(5)?
-5
Let t(m) be the third derivative of -13*m**4/24 - m**3/6 + 12*m**2. Give t(1).
-14
Let z(b) = -5*b**3 - b**2 + 2*b - 3. Let y(x) = 6*x**3 + 2*x**2 - x + 3. Let v(s) = -4*y(s) - 5*z(s). What is v(4)?
-5
Suppose 3*o + 5*g = -0*g + 20, -2*g = o - 7. Let y be (-1)/o - 34/5. Let h be 5/3*(4 + y). Let r(c) = -c**3 - 5*c**2 - c - 3. Determine r(h).
2
Let o(j) = -4*j**2 - 2 + 3*j**2 + 2*j**2 - j. Let r = -2 + 5. Calculate o(r).
4
Let i(u) = u + 1. Let w(z) = -z**2 - 4*z + 14. Let k(m) = -3*i(m) + w(m). Give k(-9).
-7
Suppose 1 + 2 = 3*r. Let k(j) = 6 - r + 4*j - 3*j + 0*j. Determine k(-4).
1
Let b(s) = 2*s**3 - s**2 + s + 1. Suppose -f = 2*f - 12. Suppose -f = -5*t - 3*y, 4*t - 5*t + 4*y = 13. Give b(t).
-3
Let k(h) = -h**2 - 5*h + 2. Let q be k(-4). Let j(m) = -1 - 1 + q + m + 0. Give j(-3).
1
Let w(v) = 4*v**3 - v**2. Let y(p) = -p**3 - 6*p**2 + 7*p + 2. Let n(b) = -6*b**2 - 1. Let c be n(-1). Let q be y(c). Suppose q - 4 = -2*l. What is w(l)?
3
Let i(d) = 2*d + 3. Let n = 0 + 0. Suppose 0 = m - n*m. Suppose -5 = -m*g - g - 2*c, 4*g + 2*c = 14. Determine i(g).
9
Let k(h) = h**3 + h**2. Let u be k(1). Let x(r) = -r**3 - 7 + 5 + 0*r**u + r**2. Give x(-2).
10
Let g(l) be the third derivative of l**6/120 - l**5/30 + l**4/24 + l**3/3 - 15*l**2. Give g(2).
4
Let m(r) be the first derivative of r**3/3 + 5*r**2/2 - 5*r - 21. What is m(-6)?
1
Let s be 9/(-36) + 29/4. Let c(d) = -d**3 + 8*d**2 - 8*d + 1. Give c(s).
-6
Let m = -16 - -13. Let o(d) = -d. Calculate o(m).
3
Suppose n + 5 - 2 = 0. Let i(m) = -m**2 - 5*m. Let s be i(n). Let k(h) = 2*h - 7*h**2 - 5*h - h**3 + s + h**2. Calculate k(-5).
-4
Let v(c) = -c - 5. Suppose -13*b = -8*b - 25. What is v(b)?
-10
Let i(p) = -p + p**2 + p. What is i(3)?
9
Let n(g) = g**2 + 6*g - 6. Suppose -5*t = -5*o - 10, 0*o - 2*t = -4*o - 14. What is n(o)?
-11
Suppose -3*b = 2*b. Let a be b*(-2 + 1)*-1. Let i(q) = q**2 +